ommon factor of 84 and 224.
28
Calculate the greatest common divisor of 60 and 15.
15
What is the greatest common factor of 85 and 935?
85
What is the highest common factor of 393 and 63?
3
What is the highest common factor of 8 and 208?
8
Calculate the highest common divisor of 817 and 76.
19
What is the highest common factor of 259 and 1443?
37
What is the greatest common divisor of 22 and 3102?
22
What is the greatest common factor of 210 and 3738?
42
What is the highest common factor of 30 and 7760?
10
What is the highest common factor of 63 and 5733?
63
Calculate the greatest common factor of 28 and 1106.
14
Calculate the highest common factor of 8 and 15032.
8
Calculate the highest common factor of 98 and 16.
2
What is the greatest common factor of 93 and 2387?
31
What is the highest common factor of 198 and 342?
18
Calculate the greatest common divisor of 60 and 2085.
15
Calculate the highest common divisor of 435 and 1005.
15
Calculate the highest common factor of 27 and 8532.
27
Calculate the highest common factor of 75 and 60.
15
What is the highest common divisor of 340 and 136?
68
Calculate the highest common factor of 570 and 160.
10
What is the highest common divisor of 580 and 260?
20
Calculate the highest common divisor of 24 and 232.
8
Calculate the greatest common divisor of 2 and 1198.
2
Calculate the greatest common factor of 644 and 28.
28
Calculate the greatest common factor of 6 and 75.
3
Calculate the highest common divisor of 10 and 395.
5
What is the highest common divisor of 437 and 399?
19
Calculate the greatest common divisor of 28 and 98.
14
What is the highest common factor of 185 and 5?
5
What is the greatest common factor of 1537 and 145?
29
What is the highest common divisor of 108 and 135?
27
What is the highest common divisor of 68 and 170?
34
What is the greatest common factor of 240 and 1290?
30
Calculate the greatest common factor of 5675 and 100.
25
Calculate the greatest common factor of 24 and 348.
12
Calculate the greatest common divisor of 23 and 1219.
23
Calculate the highest common factor of 2045 and 15.
5
What is the highest common factor of 78 and 1014?
78
Calculate the greatest common factor of 7420 and 140.
140
Calculate the greatest common factor of 240 and 15.
15
Calculate the greatest common factor of 2119 and 91.
13
What is the greatest common divisor of 5 and 1195?
5
Calculate the highest common factor of 72 and 12984.
24
What is the highest common divisor of 54 and 360?
18
Calculate the highest common factor of 117 and 546.
39
Calculate the greatest common divisor of 8685 and 315.
45
Calculate the highest common factor of 174 and 312.
6
What is the highest common divisor of 30 and 42?
6
What is the highest common factor of 46607 and 22?
11
Calculate the greatest common divisor of 1337 and 70.
7
What is the greatest common factor of 11319 and 99?
33
Calculate the greatest common factor of 4750 and 285.
95
Calculate the highest common factor of 75 and 165.
15
Calculate the highest common divisor of 21 and 4781.
7
Calculate the highest common factor of 9 and 21.
3
What is the highest common divisor of 175 and 200?
25
Calculate the greatest common divisor of 42 and 27279.
21
Calculate the greatest common divisor of 40 and 12352.
8
Calculate the greatest common divisor of 470 and 10.
10
What is the highest common factor of 12801 and 1255?
251
What is the highest common factor of 26 and 64?
2
What is the highest common factor of 96 and 48?
48
What is the highest common factor of 11520 and 90?
90
What is the greatest common divisor of 700 and 6800?
100
What is the greatest common factor of 1972 and 1566?
58
Calculate the highest common factor of 3212 and 341.
11
Calculate the greatest common divisor of 670 and 110.
10
What is the highest common divisor of 105 and 1400?
35
Calculate the highest common factor of 84 and 56.
28
Calculate the greatest common divisor of 304 and 16.
16
Calculate the highest common factor of 4864 and 48.
16
What is the greatest common divisor of 3 and 40?
1
Calculate the highest common factor of 3825 and 34.
17
What is the greatest common divisor of 34 and 2754?
34
What is the highest common factor of 1211 and 189?
7
Calculate the greatest common factor of 132 and 44.
44
Calculate the highest common factor of 51 and 21.
3
Calculate the highest common factor of 60 and 15.
15
What is the highest common factor of 114 and 42?
6
Calculate the greatest common factor of 216 and 16.
8
What is the highest common factor of 1169 and 28?
7
What is the highest common factor of 399 and 3363?
57
Calculate the greatest common factor of 126 and 7714.
14
Calculate the greatest common divisor of 19 and 475.
19
Calculate the highest common divisor of 4 and 18.
2
Calculate the greatest common factor of 20 and 110.
10
What is the highest common divisor of 1463 and 133?
133
What is the greatest common divisor of 14396 and 366?
122
Calculate the greatest common divisor of 4160 and 2210.
130
Calculate the highest common divisor of 1496 and 88.
88
Calculate the greatest common divisor of 105 and 126.
21
What is the greatest common divisor of 105 and 105?
105
What is the greatest common factor of 18 and 846?
18
What is the highest common divisor of 1475 and 125?
25
What is the highest common factor of 13088 and 8?
8
What is the greatest common divisor of 48 and 1176?
24
What is the greatest common factor of 2512 and 176?
16
Calculate the greatest common factor of 74 and 86.
2
What is the greatest common factor of 1725 and 276?
69
Calculate the greatest common factor of 2634 and 6.
6
Calculate the greatest common divisor of 88 and 110.
22
What is the greatest common factor of 36 and 117?
9
Calculate the highest common divisor of 90 and 290.
10
Calculate the greatest common factor of 33 and 2013.
33
What is the greatest common divisor of 351 and 27?
27
What is the highest common divisor of 18 and 171?
9
Calculate the highest common factor of 444 and 1665.
111
What is the greatest common divisor of 65 and 871?
13
Calculate the greatest common divisor of 10 and 56390.
10
Calculate the highest common divisor of 20 and 25140.
20
What is the highest common divisor of 1134 and 18?
18
Calculate the greatest common divisor of 119 and 8687.
119
Calculate the highest common factor of 270 and 10.
10
What is the greatest common divisor of 2170 and 1519?
217
Calculate the highest common factor of 9 and 50.
1
What is the highest common factor of 3941 and 14?
7
What is the greatest common divisor of 9331 and 1736?
217
What is the highest common factor of 7329 and 21?
21
What is the highest common factor of 2538 and 102?
6
Calculate the highest common divisor of 4514 and 1998.
74
Calculate the highest common divisor of 1604 and 1.
1
What is the highest common factor of 221 and 65?
13
Calculate the highest common divisor of 247 and 19.
19
Calculate the greatest common factor of 3 and 2787.
3
Calculate the highest common divisor of 135 and 90.
45
What is the greatest common divisor of 20 and 2720?
20
Calculate the highest common divisor of 5017 and 1557.
173
Calculate the greatest common divisor of 29834 and 56.
14
Calculate the greatest common factor of 230 and 575.
115
Calculate the highest common divisor of 221 and 741.
13
Calculate the highest common factor of 611 and 52.
13
Calculate the greatest common factor of 10 and 8.
2
What is the greatest common divisor of 4840 and 40?
40
Calculate the highest common factor of 25 and 4225.
25
What is the highest common factor of 2535 and 15?
15
Calculate the highest common factor of 3540 and 60.
60
Calculate the greatest common divisor of 158 and 2.
2
Calculate the greatest common factor of 69 and 1656.
69
What is the highest common factor of 17 and 221?
17
What is the greatest common divisor of 69486 and 666?
222
What is the greatest common divisor of 748 and 476?
68
Calculate the highest common factor of 87 and 6525.
87
Calculate the greatest common factor of 20 and 405.
5
What is the greatest common factor of 264 and 4136?
88
What is the greatest common factor of 793 and 549?
61
Calculate the greatest common divisor of 25026 and 194.
194
Calculate the highest common factor of 65 and 1183.
13
What is the highest common divisor of 168 and 140?
28
What is the greate